er when 70032 is divided by 2918.
0
Calculate the remainder when 141980 is divided by 159.
152
Calculate the remainder when 1560428 is divided by 177.
173
What is the remainder when 323183 is divided by 133?
126
What is the remainder when 34186 is divided by 231?
229
What is the remainder when 25081 is divided by 3?
1
Calculate the remainder when 4117 is divided by 33.
25
Calculate the remainder when 64549 is divided by 58.
53
Calculate the remainder when 1739 is divided by 14.
3
Calculate the remainder when 59796 is divided by 1558.
592
What is the remainder when 23658 is divided by 23?
14
Calculate the remainder when 13327 is divided by 4437.
16
What is the remainder when 19241 is divided by 323?
184
What is the remainder when 34796 is divided by 26?
8
Calculate the remainder when 1264 is divided by 41.
34
What is the remainder when 4516 is divided by 2223?
70
Calculate the remainder when 762957 is divided by 680.
677
Calculate the remainder when 9817 is divided by 1071.
178
Calculate the remainder when 59120 is divided by 1206.
26
What is the remainder when 161340 is divided by 91?
88
Calculate the remainder when 12684 is divided by 975.
9
Calculate the remainder when 4164 is divided by 88.
28
What is the remainder when 6803 is divided by 52?
43
Calculate the remainder when 3557409 is divided by 12.
9
What is the remainder when 21448 is divided by 7130?
58
Calculate the remainder when 10874 is divided by 722.
44
Calculate the remainder when 3626 is divided by 400.
26
What is the remainder when 6485 is divided by 28?
17
What is the remainder when 1234350 is divided by 206?
204
Calculate the remainder when 3259 is divided by 7.
4
What is the remainder when 24102 is divided by 502?
6
What is the remainder when 3260 is divided by 22?
4
What is the remainder when 23220 is divided by 35?
15
Calculate the remainder when 35894 is divided by 7165.
69
What is the remainder when 92868 is divided by 92831?
37
Calculate the remainder when 819 is divided by 187.
71
Calculate the remainder when 419771 is divided by 419727.
44
Calculate the remainder when 52517 is divided by 30.
17
Calculate the remainder when 386218 is divided by 1596.
1582
What is the remainder when 64047 is divided by 10?
7
Calculate the remainder when 320 is divided by 21.
5
Calculate the remainder when 3486 is divided by 276.
174
Calculate the remainder when 24226 is divided by 1863.
7
What is the remainder when 40762 is divided by 237?
235
What is the remainder when 429842 is divided by 1472?
18
What is the remainder when 121200 is divided by 1289?
34
What is the remainder when 75239 is divided by 32?
7
Calculate the remainder when 48201 is divided by 147.
132
Calculate the remainder when 7212 is divided by 160.
12
What is the remainder when 1343 is divided by 1235?
108
What is the remainder when 24232 is divided by 53?
11
What is the remainder when 74679 is divided by 37317?
45
What is the remainder when 5446 is divided by 1075?
71
Calculate the remainder when 36484 is divided by 12161.
1
Calculate the remainder when 469 is divided by 157.
155
Calculate the remainder when 51423 is divided by 15.
3
Calculate the remainder when 40918 is divided by 32.
22
Calculate the remainder when 445919 is divided by 24.
23
Calculate the remainder when 148525 is divided by 1531.
18
Calculate the remainder when 70164 is divided by 1002.
24
Calculate the remainder when 12560 is divided by 11.
9
Calculate the remainder when 29136 is divided by 118.
108
Calculate the remainder when 6324 is divided by 45.
24
What is the remainder when 17171 is divided by 273?
245
What is the remainder when 8517 is divided by 14?
5
Calculate the remainder when 145549 is divided by 518.
509
What is the remainder when 367081 is divided by 102?
85
Calculate the remainder when 785 is divided by 78.
5
What is the remainder when 8216 is divided by 51?
5
Calculate the remainder when 61949 is divided by 70.
69
Calculate the remainder when 15138 is divided by 37.
5
Calculate the remainder when 1299 is divided by 157.
43
Calculate the remainder when 20896 is divided by 995.
1
What is the remainder when 694517 is divided by 97?
94
Calculate the remainder when 4972904 is divided by 105.
104
Calculate the remainder when 83402 is divided by 29.
27
Calculate the remainder when 1668 is divided by 549.
21
What is the remainder when 559311 is divided by 997?
991
What is the remainder when 20613 is divided by 48?
21
Calculate the remainder when 821212 is divided by 43.
41
Calculate the remainder when 172261 is divided by 655.
651
Calculate the remainder when 611 is divided by 281.
49
What is the remainder when 606 is divided by 50?
6
What is the remainder when 13781 is divided by 805?
96
What is the remainder when 2757075 is divided by 23?
19
Calculate the remainder when 28934 is divided by 1074.
1010
Calculate the remainder when 125802 is divided by 12.
6
Calculate the remainder when 318453 is divided by 9.
6
What is the remainder when 20338 is divided by 318?
304
Calculate the remainder when 2479 is divided by 556.
255
Calculate the remainder when 175038 is divided by 2501.
2469
What is the remainder when 2157 is divided by 17?
15
What is the remainder when 976 is divided by 21?
10
Calculate the remainder when 23294 is divided by 5821.
10
What is the remainder when 146 is divided by 18?
2
Calculate the remainder when 6746841 is divided by 78.
75
What is the remainder when 1087565 is divided by 362520?
5
What is the remainder when 22280 is divided by 29?
8
What is the remainder when 4955 is divided by 791?
209
Calculate the remainder when 9846 is divided by 909.
756
What is the remainder when 4227 is divided by 283?
265
What is the remainder when 314775 is divided by 104924?
3
Calculate the remainder when 15468 is divided by 17.
15
What is the remainder when 27088 is divided by 126?
124
Calculate the remainder when 9339 is divided by 391.
346
What is the remainder when 98918 is divided by 188?
30
What is the remainder when 4827 is divided by 1222?
1161
What is the remainder when 1222217 is divided by 847?
843
Calculate the remainder when 230737 is divided by 4048.
1
Calculate the remainder when 159128 is divided by 255.
8
What is the remainder when 12854 is divided by 3209?
18
Calculate the remainder when 25952 is divided by 220.
212
Calculate the remainder when 264290 is divided by 3146.
26
Calculate the remainder when 22785 is divided by 333.
141
Calculate the remainder when 11846 is divided by 76.
66
What is the remainder when 39460 is divided by 91?
57
Calculate the remainder when 1051457 is divided by 624.
17
Calculate the remainder when 4263 is divided by 354.
15
Calculate the remainder when 756 is divided by 405.
351
What is the remainder when 13406 is divided by 43?
33
What is the remainder when 379 is divided by 11?
5
What is the remainder when 7154 is divided by 1382?
244
What is the remainder when 22086 is divided by 263?
257
What is the remainder when 13774 is divided by 240?
94
What is the remainder when 773 is divided by 234?
71
What is the remainder when 263798 is divided by 151?
1
Calculate the remainder when 893747 is divided by 6.
5
What is the remainder when 39772 is divided by 16?
12
What is the remainder when 55385 is divided by 454?
451
What is the remainder when 2619 is divided by 376?
363
Calculate the remainder when 72899 is divided by 8086.
125
Calculate the remainder when 9528 is divided by 3164.
36
Calculate the remainder when 51338 is divided by 340.
338
What is the remainder when 641723 is divided by 16?
11
Calculate the remainder when 170592 is divided by 92.
24
What is the remainder when 1240827 is divided by 926?
913
What is the remainder when 73045 is divided by 17?
13
What is the remainder when 4601714 is divided by 671?
667
What is the remainder when 707 is divided by 645?
62
Calculate the remainder when 10133 is divided by 907.
156
What is the remainder when 20838 is divided by 17?
13
Calculate the remainder when 204885 is divided by 331.
327
Calculate the remainder when 558403 is divided by 34898.
35
Calculate the remainder when 2173 is divided by 140.
73
Calculate the remainder when 3237439 is divided by 26.
23
What is the remainder when 28514 is divided by 6?
2
What is the remainder when 65193 